{"id":477,"date":"2024-01-12T15:47:07","date_gmt":"2024-01-12T14:47:07","guid":{"rendered":"http:\/\/localhost\/doyennes\/?page_id=477"},"modified":"2024-01-12T15:51:25","modified_gmt":"2024-01-12T14:51:25","slug":"des-annees-20-a-40","status":"publish","type":"page","link":"https:\/\/www.retrotechnic.com\/doyennes\/des-annees-20-a-40\/","title":{"rendered":"Des ann\u00e9es 20 \u00e0 40"},"content":{"rendered":"\n<p>Au sortir des ann\u00e9es 20, le paysage automobile fran\u00e7ais a beaucoup \u00e9volu\u00e9. Les constructeurs sont encore nombreux mais certains sont sortis du lot en \u00e9voluant vers la grande s\u00e9rie avec une organisation \u00ab&nbsp;moderne&nbsp;\u00bb, \u00ab&nbsp;scientifique&nbsp;\u00bb de leurs usines. De nouveaux intervenants sont \u00e9galement apparus, tel Citro\u00ebn, apportant avec eux de nombreuses innovations industrielles, souvent venues des Etats-Unis.<\/p>\n\n\n\n<p>Depuis 1926 Panhard &amp; Levassor s\u2019est engag\u00e9 dans la voie des moteurs \u00e0 six cylindres, sans soupape bien sur! La 10CV X59 est beaucoup trop ch\u00e8re face \u00e0 des concurrentes comme la Citro\u00ebn C6. Elle sera un \u00e9chec commercial mais son moteur sera la base de toutes les \u00e9volutions ult\u00e9rieures jusqu\u2019\u00e0 la Dynamic.<a href=\"https:\/\/doyennes-panhard-levassor.fr\/wp-content\/uploads\/2015\/02\/1928-X59ss1.jpg\"><\/a><a href=\"https:\/\/doyennes-panhard-levassor.fr\/wp-content\/uploads\/2015\/02\/e579bbd52e47d2adc8e96359be219165.jpg\"><\/a><\/p>\n\n\n\n<h5 class=\"wp-block-heading\">La s\u00e9rie \u00ab&nbsp;S&nbsp;\u00bb: 6DS, 6CS, 8DS (1929-1938)<\/h5>\n\n\n\n<p><a href=\"https:\/\/doyennes-panhard-levassor.fr\/wp-content\/uploads\/2015\/02\/2008-07-12-4.jpg\"><\/a>Panhard &amp; Levassor entame une rationalisation de sa gamme en abandonnant les mod\u00e8les interm\u00e9diaires pour lesquels la concurrence est trop rude. Bien vite les moteurs \u00e0 4 cylindres disparaissent (et pour toujours) des voitures de la marque.<\/p>\n\n\n\n<p>Au salon 1930, la nouvelle Panhard &amp; Levassor 6DS X66 20CV impressionne. C\u2019est probablement l\u2019une des plus belle voitures pr\u00e9sent\u00e9es avec sa tr\u00e8s \u00e9l\u00e9gante ligne surbaiss\u00e9e due au nouveau styliste maison Louis Bionier.<a href=\"https:\/\/doyennes-panhard-levassor.fr\/wp-content\/uploads\/2015\/02\/X69-Chantilly-2.jpg\"><\/a><a href=\"https:\/\/doyennes-panhard-levassor.fr\/wp-content\/uploads\/2015\/02\/1930-X66ss.jpg\"><\/a><a href=\"https:\/\/doyennes-panhard-levassor.fr\/wp-content\/uploads\/2015\/02\/100_ans_Jean_Panhard_012.jpg\"><\/a>Il s\u2019agit d\u2019une rupture totale avec les productions pr\u00e9c\u00e9dentes. Panhard &amp; Levassor entre dans une \u00e8re de modernit\u00e9, mais \u00e9galement de crise que la marque doyenne ne parviendra jamais vraiment \u00e0 surmonter.<\/p>\n\n\n\n<p>La nouvelle 6DS est con\u00e7ue avec un soin pouss\u00e9 et s\u2019impose imm\u00e9diatement comme une r\u00e9f\u00e9rence.<a href=\"https:\/\/doyennes-panhard-levassor.fr\/wp-content\/uploads\/2015\/02\/100_ans_Jean_Panhard_013.jpg\"><\/a>A part le moteur, d\u00e9riv\u00e9 des toutes r\u00e9centes six cylindres, tout est nouveau ! La ch\u00e2ssis poss\u00e8de une structure \u00e9labor\u00e9e, formant un cadre ind\u00e9formable tr\u00e8s surbaiss\u00e9. Le plancher comporte des doubles parois, m\u00e9nageant de multiples espaces de rangement pour les batteries ou l\u2019outillage. La 6DS est la premi\u00e8re voiture \u00e9quip\u00e9e d\u2019une barre anti-roulis, toujours connue aujourd\u2019hui sous le nom de \u00ab&nbsp;barre Panhard&nbsp;\u00bb\u2026<\/p>\n\n\n\n<p>La boite de vitesse est une nouvelle boite \u00e0 quatre vitesses, toutes \u00ab&nbsp;silencieuses&nbsp;\u00bb.<\/p>\n\n\n\n<p>La 6DS est rapidement \u00e9paul\u00e9e par une exclusive huit cylindres 8DS 29CV type X67 et les plus petites 6CS 13CV, type X68 et 6CS Sp\u00e9cial 14 CV type X69<\/p>\n\n\n\n<figure class=\"wp-block-image aligncenter\"><a href=\"https:\/\/doyennes-panhard-levassor.fr\/wp-content\/uploads\/2015\/02\/1931-X67ss.jpg\"><img decoding=\"async\" src=\"https:\/\/doyennes-panhard-levassor.fr\/wp-content\/uploads\/2015\/02\/1931-X67ss.jpg\" alt=\"1931-X67ss\" class=\"wp-image-256\"\/><\/a><\/figure>\n\n\n\n<figure class=\"wp-block-image aligncenter\"><a href=\"https:\/\/doyennes-panhard-levassor.fr\/wp-content\/uploads\/2015\/02\/1931-X68.jpg\"><img decoding=\"async\" src=\"https:\/\/doyennes-panhard-levassor.fr\/wp-content\/uploads\/2015\/02\/1931-X68.jpg\" alt=\"1931-X68\" class=\"wp-image-257\"\/><\/a><\/figure>\n\n\n\n<p>En entr\u00e9e de gamme un projet de 4CS \u00e9quip\u00e9 d\u2019un petit moteur \u00e0 quatre cylindres de 11CV sera envisag\u00e9 mais n\u2019aura pas de suite. La page des automobiles \u00e9quip\u00e9es d\u2019un moteurs \u00e0 quatre cylindres est d\u00e9finitivement tourn\u00e9e chez Panhard &amp; Levassor.<\/p>\n\n\n\n<p>Les \u00ab&nbsp;petites&nbsp;\u00bb 6CS vont bien \u00e9videmment repr\u00e9senter l\u2019essentiel de la production, tandis que la production des anciens mod\u00e8les cesse rapidement.<\/p>\n\n\n\n<p>En 1932, la s\u00e9rie \u00ab&nbsp;S&nbsp;\u00bb \u00e9volue avec un syst\u00e8me de roue libre et de servo d\u00e9brayage agissant sur l\u2019embrayage par le seul effet de l\u2019acc\u00e9l\u00e9rateur. Puis une nouvelle suspension avant \u00e0 balancier est introduite en 1933. Mais ce n\u2019est rien \u00e0 c\u00f4t\u00e9 de la r\u00e9volution de 1934: la carrosserie \u00ab&nbsp;Panoramique&nbsp;\u00bb.<a href=\"https:\/\/doyennes-panhard-levassor.fr\/wp-content\/uploads\/2015\/02\/Panoramique.jpg\"><\/a><a href=\"https:\/\/doyennes-panhard-levassor.fr\/wp-content\/uploads\/2015\/02\/1933-panhard-et-levassor-x74.jpg\"><\/a>Vue de loin, la carrosserie Panoramique reste proche des anciennes carrosseries mais tout y est pourtant nouveau. Le plus \u00e9vident, ce sont bien-sur les petites vitres tr\u00e8s galb\u00e9es encadrant le pare-brise. Les montants de pare-brise, tr\u00e8s fins, sont doubl\u00e9s. La visibilit\u00e9 vers l\u2019avant est totale, sans aucun angle mort, tout en conservant la rigidit\u00e9 de la caisse. <a href=\"https:\/\/doyennes-panhard-levassor.fr\/wp-content\/uploads\/2015\/02\/098242-1935-X72.jpg\"><\/a><a href=\"https:\/\/doyennes-panhard-levassor.fr\/wp-content\/uploads\/2015\/02\/image13.jpg\"><\/a>En fait toute la carrosserie a chang\u00e9: auvent plus bas, portes \u00e9largies, sens d\u2019ouverture invers\u00e9, entourages de vitres lat\u00e9rales en acier chrom\u00e9 rapport\u00e9s, pare-brise l\u00e9g\u00e8rement inclin\u00e9, lunette arri\u00e8re \u00e9largie, ailes nouvelles, calandre l\u00e9g\u00e8rement modifi\u00e9e\u2026 <a href=\"https:\/\/doyennes-panhard-levassor.fr\/wp-content\/uploads\/2015\/02\/1934-X72ss1.jpg\"><\/a>Cette s\u00e9rie repr\u00e9sente alors le summum de l\u2019\u00e9l\u00e9gance automobile et sera produite jusqu\u2019en 1938.<\/p>\n\n\n\n<BR\/>\n\n\n\n<h5 class=\"wp-block-heading\">La Dynamic (1936-1940)<\/h5>\n\n\n\n<p><a href=\"https:\/\/doyennes-panhard-levassor.fr\/wp-content\/uploads\/2015\/02\/636390.jpg\"><\/a><a href=\"https:\/\/doyennes-panhard-levassor.fr\/wp-content\/uploads\/2015\/02\/cache_35815561.jpg\"><\/a><a href=\"https:\/\/doyennes-panhard-levassor.fr\/wp-content\/uploads\/2019\/07\/Dynamic1948.png\"><\/a><em>Une dynamic sur le lac d\u2019annecy en 1948<\/em>En 1936, Panhard &amp; Levassor bouscule sa client\u00e8le bourgeoise et traditionnelle avec l\u2019extravagante Dynamic. Le moment ne pouvait pas \u00eatre plus mal choisi: le Front Populaire vient d\u2019arriver au pouvoir et les mouvements sociaux \u00e9clatent partout! S\u2019afficher avec une grosse voiture aussi voyante n\u2019est pas l\u2019objectif de la client\u00e8le traditionnelle de la maison, soucieuse de discr\u00e9tion et attendant des jours meilleurs. <a href=\"https:\/\/doyennes-panhard-levassor.fr\/wp-content\/uploads\/2015\/02\/Salon-1938.jpg\"><\/a><a href=\"https:\/\/doyennes-panhard-levassor.fr\/wp-content\/uploads\/2015\/02\/2013-11-08-EpoquAuto-4.jpg\"><\/a><\/p>\n\n\n\n<p>En mai 1936, les finances de la marque doyenne sont au plus bas tandis que l\u2019usine est occup\u00e9e par des gr\u00e9vistes en plein lancement du nouveau mod\u00e8le! Apr\u00e8s une mise en production laborieuse, la marque esp\u00e8re un bon d\u00e9marrage commercial\u2026 qui ne vient pas! La Dynamic se vend mal. La marque ne survit que gr\u00e2ce \u00e0 la production d\u2019utilitaires et aux march\u00e9s publics, en particulier pour l\u2019arm\u00e9e.<a href=\"https:\/\/doyennes-panhard-levassor.fr\/wp-content\/uploads\/2015\/02\/1936-Dynamic-Haut.jpg\"><\/a>La Dynamic est pourtant extraordinaire. Elle re\u00e7oit la premi\u00e8re carrosserie a\u00e9rodynamique autoporteuse sur une voiture de luxe. La tenue de route et le confort sont stup\u00e9fiants, gr\u00e2ce \u00e0 une suspension ind\u00e9pendante \u00e0 l\u2019avant, \u00e0 barres de torsion sur les quatre roues. Le freinage est hydraulique, \u00e0 deux circuits s\u00e9par\u00e9s \u00e0 l\u2019avant et \u00e0 l\u2019arri\u00e8re.<\/p>\n\n\n\n<p>Encore aujourd\u2019hui le comportement routier est exemplaire.<\/p>\n\n\n\n<figure class=\"wp-block-image aligncenter\"><a href=\"https:\/\/doyennes-panhard-levassor.fr\/wp-content\/uploads\/2015\/02\/1936-Dynamic-coque.jpg\"><img decoding=\"async\" src=\"https:\/\/doyennes-panhard-levassor.fr\/wp-content\/uploads\/2015\/02\/1936-Dynamic-coque.jpg\" alt=\"1936-Dynamic coque\" class=\"wp-image-268\"\/><\/a><\/figure>\n\n\n\n<p>Les vitre panoramiques sont bien \u00e9videmment pr\u00e9sentes mais les glaces des porti\u00e8res avant sont \u00e9galement courbes.<\/p>\n\n\n\n<p>La carrosserie est particuli\u00e8rement spacieuse, avec 1,55m de largeur int\u00e9rieure, permettant de loger 6 \u00e0 7 personnes. L\u2019une des particularit\u00e9s de cette voiture est son volant en position presque centrale, \u00e0 l\u2019heure o\u00f9 les partisans de la conduite \u00e0 droite et \u00e0 gauche s\u2019affrontent encore. En fait cette solution n\u2019a que des inconv\u00e9nients et dispara\u00eetra en 1939, avec le passage du volant \u00e0 gauche.<\/p>\n\n\n\n<figure class=\"wp-block-image aligncenter\"><a href=\"https:\/\/doyennes-panhard-levassor.fr\/wp-content\/uploads\/2015\/02\/1936-Dynamic-interieur.jpg\"><img decoding=\"async\" src=\"https:\/\/doyennes-panhard-levassor.fr\/wp-content\/uploads\/2015\/02\/1936-Dynamic-interieur.jpg\" alt=\"1936-Dynamic interieur\" class=\"wp-image-270\"\/><\/a><\/figure>\n\n\n\n<figure class=\"wp-block-image aligncenter\"><a href=\"https:\/\/doyennes-panhard-levassor.fr\/wp-content\/uploads\/2015\/02\/1937-Dynamic-cabriolet.jpg\"><img decoding=\"async\" src=\"https:\/\/doyennes-panhard-levassor.fr\/wp-content\/uploads\/2015\/02\/1937-Dynamic-cabriolet.jpg\" alt=\"1937-Dynamic cabriolet\" class=\"wp-image-271\"\/><\/a><\/figure>\n\n\n\n<p>Propos\u00e9e d\u2019abord en Dynamic 130 14CV type X76 et Dynamic 140 16CV type X77, elle sera vite \u00e9paul\u00e9e par une puissante Dynamic 160 22CV type X80, tandis que la X76, sous motoris\u00e9e, dispara\u00eet.<\/p>\n\n\n\n<p>Au fil de sa carri\u00e8re, la Dynamic \u00e9voluera assez peu, allant dans le sens de la simplification. Mais les ventes ne d\u00e9collent pas!<a href=\"https:\/\/doyennes-panhard-levassor.fr\/wp-content\/uploads\/2015\/02\/1936-Dynamic.jpg\"><\/a>En 1939, la pr\u00e9sentation est encore simplifi\u00e9e, fr\u00f4lant l\u2019aust\u00e9rit\u00e9, tandis que la direction passe \u00e0 gauche. Les types X77 et X80 deviennent respectivement X81 et X82.<\/p>\n\n\n\n<figure class=\"wp-block-image\"><a href=\"https:\/\/doyennes-panhard-levassor.fr\/wp-content\/uploads\/2015\/02\/Paris-1953-Nederlands-Fotomuseum-.jpg\"><img decoding=\"async\" src=\"https:\/\/doyennes-panhard-levassor.fr\/wp-content\/uploads\/2015\/02\/Paris-1953-Nederlands-Fotomuseum--1024x603.jpg\" alt=\"\" class=\"wp-image-6299\"\/><\/a><\/figure>\n\n\n\n<p><a href=\"https:\/\/doyennes-panhard-levassor.fr\/wp-content\/uploads\/2015\/02\/IMG_9929.jpg\"><\/a>Avec la d\u00e9claration de guerre et l\u2019occupation, la production de la Dynamic va s\u2019interrompre. Des projets existaient pour motoriser la Dynamic avec un moteur \u00e0 soupapes, d\u2019origine Hotchkiss.<\/p>\n\n\n\n<p>Quelques Dynamic seront assembl\u00e9es jusqu\u2019en 1948, avec des reste de pi\u00e8ces rest\u00e9es dans les usines, mais les outillages ont \u00e9t\u00e9 d\u00e9truits pendant les bombardements.<\/p>\n\n\n\n<p>L\u2019\u00e9poque est \u00e0 la reconstruction et \u00e0 l\u2019aust\u00e9rit\u00e9. La petite Dyna en aluminium \u00e0 moteur bi-cylindres va prendre la rel\u00e8ve: une r\u00e9volution culturelle apr\u00e8s des ann\u00e9es de haut de gamme\u2026<\/p>\n\n\n\n<h6 class=\"wp-block-heading\"><a href=\"https:\/\/doyennes-panhard-levassor.fr\/wp-content\/uploads\/2015\/02\/35-panhard-levassor-dynamic-berline-x77_1.jpg\"><\/a><\/h6>\n\n\n\n<figure class=\"wp-block-image aligncenter size-full is-resized\"><img loading=\"lazy\" decoding=\"async\" width=\"902\" height=\"388\" src=\"http:\/\/localhost\/doyennes\/wp-content\/uploads\/2024\/01\/35-panhard-levassor-dynamic-berline-x77_1.jpg\" alt=\"\" class=\"wp-image-480\" style=\"width:736px;height:auto\" srcset=\"https:\/\/www.retrotechnic.com\/doyennes\/wp-content\/uploads\/2024\/01\/35-panhard-levassor-dynamic-berline-x77_1.jpg 902w, https:\/\/www.retrotechnic.com\/doyennes\/wp-content\/uploads\/2024\/01\/35-panhard-levassor-dynamic-berline-x77_1-300x129.jpg 300w, https:\/\/www.retrotechnic.com\/doyennes\/wp-content\/uploads\/2024\/01\/35-panhard-levassor-dynamic-berline-x77_1-768x330.jpg 768w\" sizes=\"auto, (max-width: 902px) 100vw, 902px\" \/><\/figure>\n\n\n\n<figure class=\"wp-block-image aligncenter size-full is-resized\"><img loading=\"lazy\" decoding=\"async\" width=\"922\" height=\"692\" src=\"http:\/\/localhost\/doyennes\/wp-content\/uploads\/2024\/01\/IMG_0864.jpg\" alt=\"\" class=\"wp-image-481\" style=\"width:692px;height:auto\" srcset=\"https:\/\/www.retrotechnic.com\/doyennes\/wp-content\/uploads\/2024\/01\/IMG_0864.jpg 922w, https:\/\/www.retrotechnic.com\/doyennes\/wp-content\/uploads\/2024\/01\/IMG_0864-300x225.jpg 300w, https:\/\/www.retrotechnic.com\/doyennes\/wp-content\/uploads\/2024\/01\/IMG_0864-768x576.jpg 768w, https:\/\/www.retrotechnic.com\/doyennes\/wp-content\/uploads\/2024\/01\/IMG_0864-320x240.jpg 320w\" sizes=\"auto, (max-width: 922px) 100vw, 922px\" \/><\/figure>\n\n\n\n<figure class=\"wp-block-image aligncenter size-full is-resized\"><img loading=\"lazy\" decoding=\"async\" width=\"922\" height=\"692\" src=\"http:\/\/localhost\/doyennes\/wp-content\/uploads\/2024\/01\/IMG_0865.jpg\" alt=\"\" class=\"wp-image-482\" style=\"width:690px;height:auto\" srcset=\"https:\/\/www.retrotechnic.com\/doyennes\/wp-content\/uploads\/2024\/01\/IMG_0865.jpg 922w, https:\/\/www.retrotechnic.com\/doyennes\/wp-content\/uploads\/2024\/01\/IMG_0865-300x225.jpg 300w, https:\/\/www.retrotechnic.com\/doyennes\/wp-content\/uploads\/2024\/01\/IMG_0865-768x576.jpg 768w, https:\/\/www.retrotechnic.com\/doyennes\/wp-content\/uploads\/2024\/01\/IMG_0865-320x240.jpg 320w\" sizes=\"auto, (max-width: 922px) 100vw, 922px\" \/><\/figure>\n\n\n\n<p><a href=\"https:\/\/doyennes-panhard-levassor.fr\/wp-content\/uploads\/2015\/02\/IMG_0864.jpg\"><\/a><a href=\"https:\/\/doyennes-panhard-levassor.fr\/wp-content\/uploads\/2015\/02\/IMG_0865.jpg\"><\/a>Dynamic X77 de la collection Baillon vendue 37000&nbsp; \u20ac en f\u00e9vrier 2015 \u00e0 Paris pendant le salon R\u00e9tromobile<\/p>\n","protected":false},"excerpt":{"rendered":"<p>Au sortir des ann\u00e9es 20, le paysage automobile fran\u00e7ais a beaucoup \u00e9volu\u00e9. Les constructeurs sont encore nombreux mais certains sont sortis du lot en \u00e9voluant vers la grande s\u00e9rie avec<\/p>\n","protected":false},"author":1,"featured_media":0,"parent":0,"menu_order":0,"comment_status":"closed","ping_status":"closed","template":"","meta":{"_rtcl_gb_attr":"","ub_ctt_via":"","site-sidebar-layout":"default","site-content-layout":"","ast-site-content-layout":"","site-content-style":"default","site-sidebar-style":"default","ast-global-header-display":"","ast-banner-title-visibility":"","ast-main-header-display":"","ast-hfb-above-header-display":"","ast-hfb-below-header-display":"","ast-hfb-mobile-header-display":"","site-post-title":"","ast-breadcrumbs-content":"","ast-featured-img":"","footer-sml-layout":"","theme-transparent-header-meta":"","adv-header-id-meta":"","stick-header-meta":"","header-above-stick-meta":"","header-main-stick-meta":"","header-below-stick-meta":"","astra-migrate-meta-layouts":"default","ast-page-background-enabled":"default","ast-page-background-meta":{"desktop":{"background-color":"var(--ast-global-color-4)","background-image":"","background-repeat":"repeat","background-position":"center center","background-size":"auto","background-attachment":"scroll","background-type":"","background-media":"","overlay-type":"","overlay-color":"","overlay-gradient":""},"tablet":{"background-color":"","background-image":"","background-repeat":"repeat","background-position":"center center","background-size":"auto","background-attachment":"scroll","background-type":"","background-media":"","overlay-type":"","overlay-color":"","overlay-gradient":""},"mobile":{"background-color":"","background-image":"","background-repeat":"repeat","background-position":"center center","background-size":"auto","background-attachment":"scroll","background-type":"","background-media":"","overlay-type":"","overlay-color":"","overlay-gradient":""}},"ast-content-background-meta":{"desktop":{"background-color":"var(--ast-global-color-5)","background-image":"","background-repeat":"repeat","background-position":"center center","background-size":"auto","background-attachment":"scroll","background-type":"","background-media":"","overlay-type":"","overlay-color":"","overlay-gradient":""},"tablet":{"background-color":"var(--ast-global-color-5)","background-image":"","background-repeat":"repeat","background-position":"center center","background-size":"auto","background-attachment":"scroll","background-type":"","background-media":"","overlay-type":"","overlay-color":"","overlay-gradient":""},"mobile":{"background-color":"var(--ast-global-color-5)","background-image":"","background-repeat":"repeat","background-position":"center center","background-size":"auto","background-attachment":"scroll","background-type":"","background-media":"","overlay-type":"","overlay-color":"","overlay-gradient":""}},"footnotes":""},"categories":[],"tags":[],"folder":[48],"class_list":["post-477","page","type-page","status-publish","hentry"],"featured_image_src":null,"_links":{"self":[{"href":"https:\/\/www.retrotechnic.com\/doyennes\/wp-json\/wp\/v2\/pages\/477","targetHints":{"allow":["GET"]}}],"collection":[{"href":"https:\/\/www.retrotechnic.com\/doyennes\/wp-json\/wp\/v2\/pages"}],"about":[{"href":"https:\/\/www.retrotechnic.com\/doyennes\/wp-json\/wp\/v2\/types\/page"}],"author":[{"embeddable":true,"href":"https:\/\/www.retrotechnic.com\/doyennes\/wp-json\/wp\/v2\/users\/1"}],"replies":[{"embeddable":true,"href":"https:\/\/www.retrotechnic.com\/doyennes\/wp-json\/wp\/v2\/comments?post=477"}],"version-history":[{"count":2,"href":"https:\/\/www.retrotechnic.com\/doyennes\/wp-json\/wp\/v2\/pages\/477\/revisions"}],"predecessor-version":[{"id":483,"href":"https:\/\/www.retrotechnic.com\/doyennes\/wp-json\/wp\/v2\/pages\/477\/revisions\/483"}],"wp:attachment":[{"href":"https:\/\/www.retrotechnic.com\/doyennes\/wp-json\/wp\/v2\/media?parent=477"}],"wp:term":[{"taxonomy":"category","embeddable":true,"href":"https:\/\/www.retrotechnic.com\/doyennes\/wp-json\/wp\/v2\/categories?post=477"},{"taxonomy":"post_tag","embeddable":true,"href":"https:\/\/www.retrotechnic.com\/doyennes\/wp-json\/wp\/v2\/tags?post=477"},{"taxonomy":"folder","embeddable":true,"href":"https:\/\/www.retrotechnic.com\/doyennes\/wp-json\/wp\/v2\/folder?post=477"}],"curies":[{"name":"wp","href":"https:\/\/api.w.org\/{rel}","templated":true}]}}