{"id":466,"date":"2024-01-12T15:24:19","date_gmt":"2024-01-12T14:24:19","guid":{"rendered":"http:\/\/localhost\/doyennes\/?page_id=466"},"modified":"2024-02-03T09:38:13","modified_gmt":"2024-02-03T08:38:13","slug":"les-dernieres-nouvelles","status":"publish","type":"page","link":"https:\/\/www.retrotechnic.com\/doyennes\/les-dernieres-nouvelles\/","title":{"rendered":"Les derni\u00e8res nouvelles&#8230;"},"content":{"rendered":"<div class=\"wp-block-ub-content-toggle\" id=\"ub-content-toggle-018e532a-060e-4709-99e1-df485519370f\" data-showonlyone=\"true\" data-mobilecollapse=\"false\" data-desktopcollapse=\"false\">\n<div class=\"wp-block-ub-content-toggle-accordion\">\n                <div class=\"wp-block-ub-content-toggle-accordion-title-wrap\"\" aria-controls=\"ub-content-toggle-panel-0-018e532a-060e-4709-99e1-df485519370f\" tabindex=\"0\">\n                    <h3 class=\"wp-block-ub-content-toggle-accordion-title ub-content-toggle-title-018e532a-060e-4709-99e1-df485519370f\"><strong>2024<\/strong><\/h3><div class=\"wp-block-ub-content-toggle-accordion-toggle-wrap right\"><span class=\"wp-block-ub-content-toggle-accordion-state-indicator wp-block-ub-chevron-down open\"><\/span>\n                    <\/div><\/div><div role=\"region\" aria-expanded=\"true\" class=\"wp-block-ub-content-toggle-accordion-content-wrap\" id=\"ub-content-toggle-panel-0-018e532a-060e-4709-99e1-df485519370f\">\n\n<p><\/p>\n\n\n<ul class=\"wp-block-latest-posts__list wp-block-latest-posts\"><\/ul>\n<\/div><\/div>\n\n<div class=\"wp-block-ub-content-toggle-accordion\">\n                <div class=\"wp-block-ub-content-toggle-accordion-title-wrap\"\" aria-controls=\"ub-content-toggle-panel-1-018e532a-060e-4709-99e1-df485519370f\" tabindex=\"0\">\n                    <h3 class=\"wp-block-ub-content-toggle-accordion-title ub-content-toggle-title-018e532a-060e-4709-99e1-df485519370f\">2023<\/h3><div class=\"wp-block-ub-content-toggle-accordion-toggle-wrap right\"><span class=\"wp-block-ub-content-toggle-accordion-state-indicator wp-block-ub-chevron-down\"><\/span>\n                    <\/div><\/div><div role=\"region\" aria-expanded=\"false\" class=\"wp-block-ub-content-toggle-accordion-content-wrap ub-hide\" id=\"ub-content-toggle-panel-1-018e532a-060e-4709-99e1-df485519370f\">\n\n<p><\/p>\n\n\n<ul class=\"wp-block-latest-posts__list wp-block-latest-posts\"><li><a class=\"wp-block-latest-posts__post-title\" href=\"https:\/\/www.retrotechnic.com\/doyennes\/2024\/02\/03\/583\/\">Epoqu&rsquo;Auto 2023<\/a><div class=\"wp-block-latest-posts__post-full-content\"><!-- wp:paragraph -->\n<p>Du 10 au 12 novembre s\u2019est tenu le 44 i\u00e8me salon de Lyon. Cette ann\u00e9e cette manifestation a connu un record d\u2019affluence, 95 000 visiteurs soit 10 000 de plusqu\u2019en 2022.<\/p>\n<!-- \/wp:paragraph -->\n\n<!-- wp:paragraph -->\n<p><br>Les organisateurs avaient r\u00e9serv\u00e9 une surface de 80 000 m2 avec 5 halls.<\/p>\n<!-- \/wp:paragraph -->\n\n<!-- wp:paragraph -->\n<p>Dans le hall 3 \u00e9taient expos\u00e9es les voitures de comp\u00e9tition du groupe STELLANTIS.<br>Le hall 4 offrait un plateau de voitures am\u00e9ricaines, dont une vingtaine de CADILLAC.<br>Le hall 5 pr\u00e9sentait plusieurs mod\u00e8les de v\u00e9hicules PEUGEOT.<br>Le hall 6 \u00e9tait r\u00e9serv\u00e9 au camions dont ceux de la fondation BERLIET.<br>Le hall 7 \u00e9tait le lieu o\u00f9 les clubs avaient leurs stands.<\/p>\n<!-- \/wp:paragraph -->\n\n<!-- wp:paragraph -->\n<p>LES DOYENNES DE PANHARD ET LEVASSOR se situait en face du plateau TALBOT qui ex-posait des mod\u00e8les qui ont fait la gloire de cette marque. Les motards disposaient \u00e9galement d\u2019un espace compos\u00e9 de la marque DOLLAR et d\u2019un plateau de cyclomoteurs.<\/p>\n<!-- \/wp:paragraph -->\n\n<!-- wp:image {\"id\":469,\"width\":\"894px\",\"height\":\"auto\",\"sizeSlug\":\"large\",\"linkDestination\":\"none\"} -->\n<figure class=\"wp-block-image size-large is-resized\"><img loading=\"lazy\" decoding=\"async\" width=\"1024\" height=\"768\" src=\"http:\/\/localhost\/doyennes\/wp-content\/uploads\/2024\/01\/photo-12-1-1024x768.jpg\" alt=\"\" class=\"wp-image-469\" style=\"width:894px;height:auto\" srcset=\"https:\/\/www.retrotechnic.com\/doyennes\/wp-content\/uploads\/2024\/01\/photo-12-1-1024x768.jpg 1024w, https:\/\/www.retrotechnic.com\/doyennes\/wp-content\/uploads\/2024\/01\/photo-12-1-300x225.jpg 300w, https:\/\/www.retrotechnic.com\/doyennes\/wp-content\/uploads\/2024\/01\/photo-12-1-768x576.jpg 768w, https:\/\/www.retrotechnic.com\/doyennes\/wp-content\/uploads\/2024\/01\/photo-12-1-320x240.jpg 320w, https:\/\/www.retrotechnic.com\/doyennes\/wp-content\/uploads\/2024\/01\/photo-12-1.jpg 1080w\" sizes=\"auto, (max-width: 1024px) 100vw, 1024px\" \/><\/figure>\n<!-- \/wp:image -->\n\n<!-- wp:paragraph -->\n<p>EPOQUAUTO, c\u2019est aussi 600 marchands et 160 clubs pr\u00e9sents. Concernant LES DOYENNES, Arnaud BLANC a organis\u00e9 un hommage \u00e0 Bernard VERMEY-LEN, r\u00e9cemment d\u00e9c\u00e9d\u00e9. Bernard \u00e9tait historien de l\u2019automobile et avait \u00e9crit plusieurs ouvrages sur les PANHARD. Il \u00e9tait au sein de notre association la r\u00e9f\u00e9rence historique.<\/p>\n<!-- \/wp:paragraph -->\n\n<!-- wp:paragraph -->\n<p><br>Notre stand pr\u00e9sentait la belle X72 berline panoramique \u00e0 4 glaces de G\u00e9rard NAYME. Elle est en excellent \u00e9tat.<\/p>\n<!-- \/wp:paragraph -->\n\n<!-- wp:image {\"id\":10964,\"linkDestination\":\"custom\"} -->\n<figure class=\"wp-block-image\"><a href=\"https:\/\/doyennes-panhard-levassor.fr\/wp-content\/uploads\/2024\/01\/photo-4.jpg\"><img decoding=\"async\" src=\"https:\/\/doyennes-panhard-levassor.fr\/wp-content\/uploads\/2024\/01\/photo-4-1024x768.jpg\" alt=\"\" class=\"wp-image-10964\" \/><\/a><\/figure>\n<!-- \/wp:image -->\n\n<!-- wp:paragraph -->\n<p>Les pi\u00e8ces qui sont refabriqu\u00e9es et dont G\u00e9rard a la responsabilit\u00e9 \u00e9taient aussi expos\u00e9es. G\u00e9rard a pendant le salon cherch\u00e9 des professionnels pour la r\u00e9alisation de nouvelles pi\u00e8ces pour les X 72 et les DYNAMICS.<\/p>\n<!-- \/wp:paragraph -->\n\n<!-- wp:image {\"id\":10965,\"linkDestination\":\"custom\"} -->\n<figure class=\"wp-block-image\"><a href=\"https:\/\/doyennes-panhard-levassor.fr\/wp-content\/uploads\/2024\/01\/photo-3.jpg\"><img decoding=\"async\" src=\"https:\/\/doyennes-panhard-levassor.fr\/wp-content\/uploads\/2024\/01\/photo-3.jpg\" alt=\"\" class=\"wp-image-10965\" \/><\/a><\/figure>\n<!-- \/wp:image -->\n\n<!-- wp:paragraph -->\n<p>Les nouveaux projets de refabrication portent sur :<\/p>\n<!-- \/wp:paragraph -->\n\n<!-- wp:list -->\n<ul><!-- wp:list-item -->\n<li>les commutateurs de clignotants de 6CS et des premi\u00e8res DYNAMICS<\/li>\n<!-- \/wp:list-item -->\n\n<!-- wp:list-item -->\n<li>les coiffes de volant de DYNAMIC<\/li>\n<!-- \/wp:list-item -->\n\n<!-- wp:list-item -->\n<li>Les tapis de sol de PANORAMIQIUE<\/li>\n<!-- \/wp:list-item --><\/ul>\n<!-- \/wp:list -->\n\n<!-- wp:paragraph -->\n<p>Si certains membres sont int\u00e9ress\u00e9s ils sont invit\u00e9s \u00e0 se mettre en relation avec G\u00e9rard NAYME. Toutes ces refabrications sont \u00e0 la disposition des membres de notre association.<\/p>\n<!-- \/wp:paragraph -->\n\n<!-- wp:paragraph -->\n<p>Durant ce salon, 2 nouveaux adh\u00e9rents sont venus nous rejoindre, nous leur souhaitons la bienve-nue.<\/p>\n<!-- \/wp:paragraph -->\n\n<!-- wp:paragraph -->\n<p>EPOQUAUTO a une vocation internationale, 2 de nos membres sont venus de l\u2019\u00e9tranger, l\u2019un D\u2019AUSTRALIE, l\u2019autre D\u2019ESPAGNE, nos amis luxembourgeois sont \u00e9galement pass\u00e9s nous rendre visite.<\/p>\n<!-- \/wp:paragraph -->\n\n<!-- wp:paragraph -->\n<p>Ces 3 jours ont satisfait l\u2019\u00e9quipe charg\u00e9e de l\u2019organisation, et sit\u00f4t les portes ferm\u00e9es, la r\u00e9servation \u00e9tait confirm\u00e9e pour 2024.<\/p>\n<!-- \/wp:paragraph -->\n\n<!-- wp:paragraph -->\n<p>Au plaisir de nous retrouver l\u2019ann\u00e9e prochaine.<\/p>\n<!-- \/wp:paragraph --><\/div><\/li>\n<\/ul>\n<\/div><\/div>\n<\/div>\n\n\n<div class=\"wp-block-group is-layout-constrained wp-block-group-is-layout-constrained\"><\/div>\n","protected":false},"excerpt":{"rendered":"","protected":false},"author":1,"featured_media":0,"parent":0,"menu_order":0,"comment_status":"closed","ping_status":"closed","template":"","meta":{"_rtcl_gb_attr":"","ub_ctt_via":"","site-sidebar-layout":"default","site-content-layout":"","ast-site-content-layout":"","site-content-style":"default","site-sidebar-style":"default","ast-global-header-display":"","ast-banner-title-visibility":"","ast-main-header-display":"","ast-hfb-above-header-display":"","ast-hfb-below-header-display":"","ast-hfb-mobile-header-display":"","site-post-title":"","ast-breadcrumbs-content":"","ast-featured-img":"","footer-sml-layout":"","theme-transparent-header-meta":"","adv-header-id-meta":"","stick-header-meta":"","header-above-stick-meta":"","header-main-stick-meta":"","header-below-stick-meta":"","astra-migrate-meta-layouts":"default","ast-page-background-enabled":"default","ast-page-background-meta":{"desktop":{"background-color":"var(--ast-global-color-4)","background-image":"","background-repeat":"repeat","background-position":"center center","background-size":"auto","background-attachment":"scroll","background-type":"","background-media":"","overlay-type":"","overlay-color":"","overlay-gradient":""},"tablet":{"background-color":"","background-image":"","background-repeat":"repeat","background-position":"center center","background-size":"auto","background-attachment":"scroll","background-type":"","background-media":"","overlay-type":"","overlay-color":"","overlay-gradient":""},"mobile":{"background-color":"","background-image":"","background-repeat":"repeat","background-position":"center center","background-size":"auto","background-attachment":"scroll","background-type":"","background-media":"","overlay-type":"","overlay-color":"","overlay-gradient":""}},"ast-content-background-meta":{"desktop":{"background-color":"var(--ast-global-color-5)","background-image":"","background-repeat":"repeat","background-position":"center center","background-size":"auto","background-attachment":"scroll","background-type":"","background-media":"","overlay-type":"","overlay-color":"","overlay-gradient":""},"tablet":{"background-color":"var(--ast-global-color-5)","background-image":"","background-repeat":"repeat","background-position":"center center","background-size":"auto","background-attachment":"scroll","background-type":"","background-media":"","overlay-type":"","overlay-color":"","overlay-gradient":""},"mobile":{"background-color":"var(--ast-global-color-5)","background-image":"","background-repeat":"repeat","background-position":"center center","background-size":"auto","background-attachment":"scroll","background-type":"","background-media":"","overlay-type":"","overlay-color":"","overlay-gradient":""}},"footnotes":""},"categories":[],"tags":[],"folder":[49],"class_list":["post-466","page","type-page","status-publish","hentry"],"featured_image_src":null,"_links":{"self":[{"href":"https:\/\/www.retrotechnic.com\/doyennes\/wp-json\/wp\/v2\/pages\/466","targetHints":{"allow":["GET"]}}],"collection":[{"href":"https:\/\/www.retrotechnic.com\/doyennes\/wp-json\/wp\/v2\/pages"}],"about":[{"href":"https:\/\/www.retrotechnic.com\/doyennes\/wp-json\/wp\/v2\/types\/page"}],"author":[{"embeddable":true,"href":"https:\/\/www.retrotechnic.com\/doyennes\/wp-json\/wp\/v2\/users\/1"}],"replies":[{"embeddable":true,"href":"https:\/\/www.retrotechnic.com\/doyennes\/wp-json\/wp\/v2\/comments?post=466"}],"version-history":[{"count":9,"href":"https:\/\/www.retrotechnic.com\/doyennes\/wp-json\/wp\/v2\/pages\/466\/revisions"}],"predecessor-version":[{"id":589,"href":"https:\/\/www.retrotechnic.com\/doyennes\/wp-json\/wp\/v2\/pages\/466\/revisions\/589"}],"wp:attachment":[{"href":"https:\/\/www.retrotechnic.com\/doyennes\/wp-json\/wp\/v2\/media?parent=466"}],"wp:term":[{"taxonomy":"category","embeddable":true,"href":"https:\/\/www.retrotechnic.com\/doyennes\/wp-json\/wp\/v2\/categories?post=466"},{"taxonomy":"post_tag","embeddable":true,"href":"https:\/\/www.retrotechnic.com\/doyennes\/wp-json\/wp\/v2\/tags?post=466"},{"taxonomy":"folder","embeddable":true,"href":"https:\/\/www.retrotechnic.com\/doyennes\/wp-json\/wp\/v2\/folder?post=466"}],"curies":[{"name":"wp","href":"https:\/\/api.w.org\/{rel}","templated":true}]}}